 -2*j + 4*g, 0 = -3*j + 4*g + t. What is the units digit of j?
6
Suppose -79 - 173 = -6*h. Let m be (3/(-2))/((3/(-3))/h). What is the tens digit of m*(0 + -2)/(-2)?
6
What is the hundreds digit of (1368/14)/((-3)/(294/(-4)))?
3
What is the thousands digit of (((-24)/(-9))/2)/(290/929595)?
4
Let m(d) = 4998*d - 2021. What is the hundreds digit of m(5)?
9
Let c(p) = -7*p - 52. Let q be c(-8). Suppose 0 = -4*l + 20, 2*d - q*d - 4*l = 12. Let i = d - -107. What is the units digit of i?
1
Let v(h) = -190*h - 12. Let d be v(2). Let t = 670 + d. What is the tens digit of t?
7
Let j(r) = 201*r**3 - r**2 + 27*r - 141. What is the hundreds digit of j(6)?
4
Suppose 2*n + 18*t = 102438, -102312 = -2*n - 0*n - 4*t. What is the hundreds digit of n?
1
Let f = 1325 - 136. What is the thousands digit of f?
1
Let j = -317 + 560. Let y = j + -111. What is the tens digit of y?
3
Suppose -2*i + h + 36375 + 65968 = 0, 5*i + 3*h - 255852 = 0. What is the units digit of i?
1
Let i be -2 + (0 - -2) + 4. Suppose -5*l = 4*c + 32, -3*l - 24 = i*c - c. What is the units digit of (-131)/(-4) + 6/c?
2
Let h be -1 - (-3 - (-2 + 46)). Let y be -2 + 5 + -6 + h/(-1). What is the units digit of (5 - y/35)/(2/50)?
0
Suppose 7*s + 7*s - 19852 = 0. What is the tens digit of s?
1
Suppose -l + 2*d = -2*d + 359, -3*d = 5*l + 1818. Let m = l + 705. What is the tens digit of m?
4
What is the units digit of -3*(10 + -9) + (-861)/(-1)?
8
Let t(a) = -2*a**3 + 5*a**2 - 3*a + 5. Let v be t(6). Let q = -1717 + 1557. Let j = q - v. What is the hundreds digit of j?
1
Let r = -195 + 105. Let j = r + 205. What is the hundreds digit of j?
1
Let p(g) = 8*g - 10. Let w be p(3). Suppose w*x = 12*x + 2090. What is the thousands digit of x?
1
Suppose 2*y + 176 = 5*j - 715, 5*y - 693 = -4*j. Let o = -400 + 402. Suppose o*l - j = -l. What is the tens digit of l?
5
Suppose a - 32800 + 3220 = -b, 4*a = b + 118345. What is the ten thousands digit of a?
2
Let z(q) = -q**3 + 2*q**2 + 3*q + 2. Let h be z(3). Suppose 0 = x - h*x + 2*o + 12, 0 = 5*x + 3*o - 125. Let t = 67 - x. What is the tens digit of t?
4
Let x = -31497 + 54597. What is the thousands digit of x?
3
Let f(t) = -t**3 + 20*t**2 + 2*t - 36. Let a be f(20). Suppose 4*y + 5*c = a*c + 790, -782 = -4*y - 5*c. Let m = y + -135. What is the tens digit of m?
6
Suppose 0 = -85*n + 95308 - 21613. What is the units digit of n?
7
Let w(k) be the first derivative of -3*k + 32 + 11/2*k**2. What is the units digit of w(1)?
8
Suppose 24415 + 34961 = 12*j. What is the thousands digit of j?
4
Suppose -y - 713 = -5*r, 2*r = 3 - 1. What is the tens digit of y*((-1)/(-2))/(-1)?
5
Suppose 243*z + 474*z - 9707463 = 0. What is the ten thousands digit of z?
1
Let l(f) = 4*f**3 - 6*f**2 + 5*f + 5. Let r be l(5). Let p be 8/3*51/34. Suppose -2*k + 6*k = p*s - r, -5*s + 4*k + 474 = 0. What is the units digit of s?
4
Suppose 11*l + 0*l = 11. Let v be l*3 + -5 + 5. Suppose 440 = 5*x + v*t + 2*t, -2*x + 184 = -2*t. What is the tens digit of x?
9
Let n = -7717 + 30130. What is the thousands digit of n?
2
Let u(z) = 61*z**3 + 11*z**2 - 85*z + 28. What is the tens digit of u(8)?
8
Let m = -17 + 19. Suppose -3*f + m*f - 52 = 0. What is the tens digit of 1/(-3)*(-2 + f)?
1
Let r be ((-2)/4)/(2 - 195/100). Let j be 2/r + (-12969)/(-45). Suppose -6*s = 4*u - 2*s - 304, 4*u = 4*s + j. What is the tens digit of u?
7
Let m(g) = -178*g**3 + 2*g**2 - 3*g + 2. Let u be m(1). Let k = u + 283. What is the tens digit of k?
0
Suppose -3*s + 179 + 5647 = 0. Suppose -5*n - 522 = -6*n - r, 0 = -4*n + 4*r + 2136. Suppose 14*g + n = s. What is the tens digit of g?
0
Suppose -5*y = 4*c - 35, 3*c - 7 = -2*y + y. Suppose 2937 = y*d + 1089. What is the tens digit of d?
6
Let p(d) = d**3 - 9*d**2 + 6*d + 17. Let k be p(8). What is the hundreds digit of (0 + k)*1*209?
2
Let r = 57 + -11. Suppose 33*w + 3475 = 14959. Suppose 43*p + w = r*p. What is the hundreds digit of p?
1
Suppose -6*b - 154 = 518. Suppose 107 = -3*n - 109. What is the units digit of n/(-48)*b/(-6)?
8
Let v(n) = 6*n - 77090*n**3 + 77097*n**3 - 3*n**2 - n. Let i(f) = f**2 - f + 3. Let t be i(0). What is the hundreds digit of v(t)?
1
Let s(n) = n**3 + 29*n**2 + 40*n - 482. What is the hundreds digit of s(-20)?
3
Let x(s) = 587*s - 335. What is the units digit of x(19)?
8
Let i be -45 - ((-2)/(-3) - 8/3). Let x = i + 43. Suppose 0 = -x*y - y + 63. What is the tens digit of y?
6
Suppose 4*a - 31162 - 14636 = -t, -23*a + 183171 = 4*t. What is the tens digit of t?
1
Suppose 3*f + 8*g - 10*g = -43, -3*f + 5*g = 40. Let z be 10/f + (104/12 - 3). Suppose z*j - 3 = 27. What is the units digit of j?
6
Let q(x) = 7*x + 81. Let d be q(-11). Suppose d*p = -4*k + 8*k + 5376, -3*p = 5*k - 4072. What is the tens digit of p?
4
Let l be 11 - (15 + (9 - 17)). What is the tens digit of l/((-11)/((-56232)/32))?
3
Let f = -545 - -205. What is the hundreds digit of f/(-30)*(-51)/(-2)?
2
Let d(w) = 21*w + 77 - 18 - w**2 + 9 + 4*w. What is the units digit of d(24)?
2
Let w = -2190 + 8393. What is the hundreds digit of w?
2
Let p = -346 - -388. Suppose 41*z - p*z = -744. What is the tens digit of z?
4
Suppose -5*f + 13 + 7 = 0, 0 = -3*c - 3*f + 123. Let p = -34 + c. Suppose p*u - 63 = 2*u. What is the tens digit of u?
6
Let r be (-53)/(-6) - (-1 - (-20)/24). Suppose -21*y - r = -18*y. Let v(z) = -2*z**3 - z**2 - 2*z. What is the units digit of v(y)?
1
Let i be ((-150)/(-18))/((32/420)/8). Let t = i - 480. What is the hundreds digit of t?
3
Suppose -13 = -2*n - 1. Suppose 168 = -y - n*y. Let z = y + 98. What is the units digit of z?
4
Let k(d) = 109*d**2 + 8*d + 13. Let h be k(-3). Suppose 2*z - 400 = 2*u, 5*z + u - h = -0*u. Suppose z = 2*b - 109. What is the tens digit of b?
5
Suppose 36*r = 262*r - 2900 - 1394. Let z(x) = -x + 22. Let i be z(0). Suppose 0 = i*m - r*m - 78. What is the units digit of m?
6
Suppose -6*h + 758 = -4*h. Suppose -27*u = -26*u - h. What is the units digit of u?
9
Let c = 54796 + -30754. What is the ten thousands digit of c?
2
Let n be (1/1 + -4)/(-1). Suppose -247 = -2*i - 4*a + 195, 0 = 3*i - n*a - 654. Suppose i = 2*c + c. What is the units digit of c?
3
Suppose -66 = -72*l + 78*l. Suppose -a - 4*a = 60. What is the units digit of -7*(58/a - l/(-66))?
5
What is the tens digit of (-1161)/6*73*(-16)/12?
3
Let q(w) = -15*w**2 + 18*w + 12. Let o be q(-4). Let r = o + 2027. What is the thousands digit of r?
1
Let o(k) = 151*k**2 - 67*k - 738. What is the hundreds digit of o(-14)?
7
Suppose 0 = 26*d - 75502 - 64248. What is the units digit of d?
5
Let z = 10 + 81. Let f be 1287/z - 1/7. Suppose -2*g - f + 132 = 0. What is the units digit of g?
9
Let v be (-3)/18 + (-52)/(-24). Suppose l - 453 = -v*l - 4*q, -4*q = 12. What is the tens digit of l?
5
Let g = -137 + 139. What is the tens digit of (-4170)/(-30) + g/2?
4
Let j(h) = h**3 - 7*h**2 - 6*h - 16. Let a be j(8). Let p be ((a + 3)/(-6))/(2/(-12)). What is the units digit of ((-1 - 238) + p)*2/(-4)?
8
Let s = -873 - -1489. Suppose k - s - 115 = 0. What is the tens digit of k?
3
Suppose 2*u + 130 = 2*i - 182, 5*u = -3*i + 500. Let h = i + -24. Suppose 5*r - 68 = -x + 4, 3*x - r - h = 0. What is the tens digit of x?
4
What is the hundreds digit of 5 - 1172*(-45)/20?
6
Suppose -14*d - 9948 = -44528. Suppose -10*k + 23*k = -d. Let z = k - -371. What is the units digit of z?
1
Suppose -36*w - 2*w + 534964 = -678490. What is the units digit of w?
3
Let u(g) = g**2 - 13. Let z be u(3). Let q(h) = -218*h + 27. What is the tens digit of q(z)?
9
Suppose -44*s + 41*s = -4*w - 13047, -3*w - 21745 = -5*s. What is the tens digit of s?
4
What is the tens digit of -15092*(63/28)/(-9)?
7
Suppose -460 = -5*w + 2855. Let d(c) = c**3 + 4*c**2 - 10*c - 19. Let x be d(-2). Suppose w + 138 = x*u. What is the tens digit of u?
8
Suppose r + 5*p - 779 = 0, -3*r + 3*p + 2738 = 473. Let l = -497 + r. What is the hundreds digit of l?
2
Suppose 8*d - 11*d + 75748 = 4*u, -7*u = -4*d - 132522. What is the tens digit of u?
3
Suppose -37*t = -134972 - 205798. What is the thousands digit of t?
9
Let t be (34/(-5))/(10/(-2850)). Suppose 1942*a - t*a = 3188. What is the units digit of a?
7
Let r(i) = 34*i - 45. Suppose -4*q + c + 33 = 0, -3*q - 4*c + 18 = -7*c. What is the tens digit of r(q)?
6
Let o be (-6)/16 - 5694